(8). Calculate the highest common divisor of u and s.
28
Let s(v) = v**3 + 104*v**2 - 660*v + 245. Let k be s(-110). Calculate the greatest common factor of 15 and k.
5
Let s be 5 + 6 + 4200/20. Let f(q) = -18*q - 2. Let m be f(-2). What is the highest common factor of m and s?
17
Let f(x) = -x**3 + x**2 + 15. Let l be f(0). Let b be (11 + 1 + -2)/((-428)/(-2782)). What is the greatest common factor of b and l?
5
Let b = -149 - -128. Let f = 120 + b. Calculate the highest common factor of 231 and f.
33
Let f = 14 + -16. Let l(w) = 14 - 2*w**3 - w**2 - 2*w - 2 - 16. Let b be l(f). What is the highest common factor of 8 and b?
4
Suppose 39 = -4*i + 163. Let f(r) = -r**2 + r + 38. Let w be f(7). Let n be -3 - (-3 - (66 + w)). What is the highest common divisor of i and n?
31
Suppose -5*d - 10 = -5, 3*d + 18 = 3*m. Suppose 0 = 2*w + m*w - 385. What is the highest common factor of 10 and w?
5
Suppose 11*j + 170 = -y + 6*j, 4*j - 734 = 5*y. Let t(w) = -20*w**2 - w + 2. Let l be t(2). Let m = l - y. Calculate the highest common factor of m and 14.
14
Suppose -3*j - 3*j = 12. Let o(u) = -7*u - 10. Let g be o(j). Suppose g*b = -13 + 73. Calculate the highest common factor of 25 and b.
5
Suppose -19*n + 6356 = -807. What is the greatest common factor of 232 and n?
29
Let n(a) = -66*a + 12. Let f be n(6). Let z = -355 - f. What is the highest common divisor of z and 174?
29
Let s be (2 + -1)*(13 - 2). Suppose -3*q - i + 490 + 42 = 0, 4*i + 864 = 5*q. Calculate the highest common divisor of s and q.
11
Suppose 12 = 5*h - 3*j, -4 = -2*j - 2. Suppose 0 = -h*m + y + 40, 5*m - y - y = 65. Suppose 523 = 3*d + 28. Calculate the highest common divisor of d and m.
15
Let r be (16/(-10))/(1/5*-1). Let m(g) = 10*g**2 - 75*g - 10. Let c be m(r). What is the highest common factor of c and 60?
30
Let u(x) = -10*x - 23. Suppose 29 = -5*g + w, -3*w = -4*g - 2*w - 23. Let z be u(g). What is the greatest common divisor of 37 and z?
37
Let l(r) = r**2 + 2*r - 9. Let z be l(-5). Suppose -2*h - 5*v - 162 = 0, -7*h - 87 = -z*h + 4*v. Let n = h - -83. What is the highest common factor of n and 84?
12
Let a(h) = -h**3 - 8*h**2 - 4*h - 15. Let v be a(-8). Let j(d) = -d + 37. Let m be j(v). Calculate the greatest common factor of 10 and m.
10
Suppose -7*m + 2*m = -5*g - 725, -3*g = -2*m + 295. Let n = -93 - -205. Let x = n + -77. Calculate the greatest common factor of m and x.
35
Let a = 3172 + -1366. Calculate the greatest common divisor of a and 42.
42
Let t(m) = -26*m**3 - 2*m**2 - 3*m - 3. Let l be (3 - 2)*-1 - 0. Let c be t(l). Calculate the highest common factor of c and 3.
3
Suppose -48*f = -50*f, 0 = -4*u + 4*f + 1454 + 4446. Calculate the greatest common divisor of u and 236.
59
Let l be (34/8)/((2/(-24))/((-112)/21)). What is the greatest common divisor of 64 and l?
16
Let k = 16626 - 15042. Calculate the greatest common divisor of 176 and k.
176
Suppose -15*a + 14 = -8*a. Suppose -a*p = -2*x + 200, -3 = -5*x + 12. Let z = -77 - p. What is the greatest common divisor of z and 50?
10
Let z = -4507 - -4872. Calculate the highest common divisor of z and 2993.
73
Suppose -3*a - 6735 = -3*x, 4*x - 8985 = 12*a - 7*a. Suppose 4*w + r - 2989 = 0, 6*r = -3*w + 7*r + x. Calculate the greatest common divisor of w and 9.
9
Suppose 16*q - 55 = -87. Let c be 697/123 - q/6. Calculate the greatest common divisor of c and 78.
6
Let w = 356 + -320. Let v be 20/(-3)*w/(-24). Let s(n) = -n**2 - n + 20. Let d be s(0). Calculate the greatest common factor of v and d.
10
Suppose -1885 = -10*n + 2465. Let r = 459 - n. Calculate the highest common divisor of r and 12.
12
Let a be 3449 - (9 - 150/15). What is the highest common divisor of 50 and a?
50
Let j(m) = -9*m + 16. Let o = 1463 + -1467. Let s be j(o). Let c be (-4)/6*(1 - 118). What is the highest common divisor of s and c?
26
Let c be 20/(-10) + 219/(-1). Let y = c - -261. What is the highest common divisor of y and 16?
8
Let j be (8 - 5) + 1*45. Suppose -18*l + 712 = 136. Calculate the highest common factor of j and l.
16
Suppose 80 = 94*l - 1172 + 124. Calculate the greatest common divisor of l and 474.
6
Let v(l) = 5*l**2 - 11*l + 13. Let i be v(7). Suppose -4*g + 2*t + i = -7*g, 2*t - 8 = 0. Let s = g - -167. Calculate the greatest common divisor of 13 and s.
13
Suppose 40*g - 4*c + 3352 = 44*g, -4188 = -5*g - 3*c. What is the greatest common divisor of g and 243?
27
Let l be (-28)/(-3 + (-38)/(-14)). Suppose 5*f - l = -6*m + 10*m, 4*f = m + 74. Calculate the highest common factor of f and 144.
18
Let l = -56 - -83. Let y = -109 - -55. Let z be y*(-7)/(21/2). What is the highest common divisor of l and z?
9
Let r be -11 + (17 - 36/(-3)). Suppose 0 = -3*k - 165 + 1839. Calculate the highest common divisor of r and k.
18
Let p be (-1 - 414/(-10)) + 14/(-35). Calculate the highest common factor of 328 and p.
8
Suppose -108233 + 10161 = -46*c. What is the highest common divisor of 52 and c?
52
Let i(q) = -18*q + 6. Let z be i(-3). Suppose -23*m + 800 = m - 4*m. What is the highest common factor of z and m?
20
Let d = -3011 - -3649. What is the highest common factor of 406 and d?
58
Let l be ((-1)/3)/(2/(-258)). Let n be -9 - -6 - (-4 + 0/5). Let j be (-405)/(-9) + (-3 - -1)/n. Calculate the greatest common divisor of l and j.
43
Let h be 3 - ((-6)/4 + 105/14). Let u be (0 - (-312)/h)/((-2)/9). Calculate the highest common divisor of u and 52.
52
Let l(g) = -2*g**2 + 17*g + 4. Let j be l(8). Suppose -j*u + 8*u = 168. Let z be u*3/6*-6. What is the highest common divisor of z and 42?
42
Suppose 0 = 257*d - 142000 - 154835. What is the greatest common divisor of 5115 and d?
165
Suppose 6*t - 648 = -180. Let s be (128/12)/(4/t). Calculate the greatest common divisor of 32 and s.
16
Let p = -615 + 730. Calculate the greatest common factor of p and 529.
23
Let z = -589 - -596. Suppose -5*u = 24 + 1, -4*x = u + 33. Let h be x*(-3 - 6/(-3)). What is the greatest common divisor of z and h?
7
Let d(g) = -60 + 79 - 43 + 2*g. Let w be d(22). What is the highest common factor of 260 and w?
20
Suppose -43*r + 15*r + 2770 = -6470. Let v = -26 + 43. Suppose -5*f + v = 4*t - 123, -2*t = 2*f - 68. Calculate the greatest common factor of r and t.
30
Suppose 2*v + 2*m = 50, 3*v = -v + 3*m + 86. Let r = -23 + v. Suppose -2*x = -r*x - 36. What is the greatest common factor of 18 and x?
18
Let c be 1/((-1 - 0) + 2). Let h be c/(-3) - (-291)/9. Let r(g) = 351*g**2 + 2*g - 1. Let t be r(1). What is the greatest common factor of t and h?
32
Suppose -3*z = 3*q - 90, 198*z - 95 = 195*z - 2*q. What is the highest common factor of z and 5?
5
Let w(n) = -5*n**3 + 6*n**2 + 93*n + 15. Let o be w(-5). Calculate the greatest common factor of o and 832.
13
Suppose -5*b + 21097 = 14*y - 11*y, 0 = -5*y - 4*b + 35153. What is the highest common divisor of 297 and y?
99
Let y be (-238)/12 - (-32)/(-192). Let m(p) = p**3 + 19*p**2 - 20*p + 16. Let b be m(y). Calculate the greatest common factor of 48 and b.
16
Suppose 5*h - 3*o - 420 = h, 2*o = -4*h + 440. Let g be (-1)/6 - 2/(h/(-7785)). Calculate the greatest common divisor of 180 and g.
36
Let n = 122 + -119. Suppose 3*j = -n*j + 54. Calculate the greatest common factor of 369 and j.
9
Let n(v) = -v - 10. Let m be n(4). Let p = -36 - m. Let l be 1573/p*-2*1. What is the highest common factor of 13 and l?
13
Let d(v) = -447*v - 11559. Let l be d(-26). Let c be (-47)/(-5) - 4/10. Calculate the highest common divisor of l and c.
9
Let k = -13130 - -13454. Calculate the highest common factor of 1236 and k.
12
Let t be (-2142)/(-15) + (-16)/20. Let m = 278 - t. Suppose 4*w = 3*w + 2*b + 44, -29 = -w - b. What is the greatest common divisor of w and m?
34
Let g(k) = k**2 - 5*k - 61. Let c be g(-6). Suppose -11*o + 12 = -8*o - 3*r, c*r - 7 = 2*o. Calculate the greatest common factor of 261 and o.
9
Suppose 8093 + 4094 = 4*o + 3*b, -b = 2*o - 6089. What is the highest common factor of 855 and o?
95
Suppose 5*t - 55 = 4*x, t + 3*x = 5*t - 45. Let y(h) = -h**3 + 17*h**2 - 18*h - 26. Let v be y(t). Calculate the highest common factor of v and 112.
14
Let q(u) = -u**2 - 98*u - 436. Let k be q(-6). What is the greatest common factor of 1363 and k?
29
Let n be 1*-2*31611/(-82). Let p be -5*6/5 + n. What is the highest common diviso